ive k(3).
-3
Let i(q) = q - 4. Let v(g) = -g**2 - 1. Suppose -9 = -14*s + 5. Let p(d) = s*i(d) - 3*v(d). Calculate p(1).
3
Let m(q) be the third derivative of -q**3 + 0*q + 1/24*q**4 + 0 + 20*q**2. What is m(9)?
3
Let i(a) = 46*a - 6. Let s(t) = 9*t. Let o(r) = -i(r) + 5*s(r). Give o(2).
4
Let o(b) = 8 + 6*b**2 - 8*b**2 - b**2 + 2*b**2 - 5*b. Give o(-7).
-6
Let q be -12*(-3 - (-2)/1). Let u(m) = -5*m**2 - 3*m + m**2 + q*m**3 + 2 - 11*m**3 - m. Give u(5).
7
Let i(v) = -2*v + 6. Let b = 21 + -13. Let k(u) = -b + 5*u - 2 - 3 + 2. Let n(m) = 7*i(m) + 3*k(m). Calculate n(-5).
4
Suppose t - 41 = -2*n + 4*t, -3*t = n - 34. Let s be ((-10)/n)/((-2)/(-30)). Let f(y) = 5*y - 3. Let u(q) = q. Let o(p) = f(p) - 6*u(p). What is o(s)?
3
Suppose 5*n - 4*k = -69, 10*n + 50 = 6*n - 2*k. Let q(w) = w**2 + 11*w + 18. Determine q(n).
44
Let h(r) = 6*r**2 - 6*r - 3. Let z(c) = -2*c**2 + c + 0*c**2 + 0*c**2 - 1 + c**2. Let k(g) = h(g) + 5*z(g). What is k(0)?
-8
Let t(w) = w**2 + 9*w + 10. Let d(z) = -z. Let j = 7 + -5. Suppose -22 = -j*i + 4*v, -2*i + 27 = 3*i + 4*v. Let l be d(i). Calculate t(l).
-4
Let h(l) be the third derivative of 0*l - 1/4*l**4 + 1/60*l**5 - 10*l**2 + 0 + 5/6*l**3. Give h(5).
0
Suppose 13*n + 2*n = 4*n. Let f(b) = -2*b**3 - b**2 - 7. Calculate f(n).
-7
Let z(j) = -15*j**2 + 22*j**2 - 8*j**2. Let t be z(-2). Let s(p) = -p**2 + 0*p**2 - 1 + 4 - 3*p. What is s(t)?
-1
Let o be 6/(-5)*(-5)/3. Let u(c) = -c + 2*c**2 - c**o - 2 - 2*c + 6*c. Calculate u(-2).
-4
Let q = 44 + -84. Let d = -38 - q. Let v(t) = -3*t**2 + 2*t - 1. Calculate v(d).
-9
Let b(d) = d - 13. Let k be ((10/5)/4)/((-7)/(-126)). What is b(k)?
-4
Let c(f) = f**3 - 7*f**2 + 7*f - 3. Let s be c(6). Let r = s - -9. Suppose -m = -4*q + r, 0 = 2*m + m. Let k(y) = y + 4. Determine k(q).
7
Let a(h) = -6*h**2 + h + 1. Let o(n) = -8*n - 3. Let d be o(-4). Let r(j) = -d - 2*j + 0*j + 3*j + 33. Let q be r(-5). Give a(q).
-6
Let i(p) = -20*p. Let a(u) = 0 + 0 - 66*u + 61*u. Let t(n) = -25*a(n) + 6*i(n). Calculate t(2).
10
Let w be (312/64 - 4)*8. Let u(a) be the first derivative of -1/3*a**3 + 4*a**2 - 6*a - w. Give u(6).
6
Let s = -150 + 216. Let g = -68 + s. Let c(v) = 4*v**2 + 4*v + 3. Give c(g).
11
Let p(b) = -b**3 + 6*b**2 + 2*b - 9. Suppose -6*v + 10 = -14. Let y be (1 - 2/1)*-18. Let c be (y/v)/((-15)/(-20)). What is p(c)?
3
Suppose -5*f + 2*u + 0*u - 34 = 0, -2*f = 3*u + 25. Let q(h) = -h**2 - 8*h + 1. Give q(f).
1
Let c(d) = 5*d**2 - 7*d - 26. Let b(w) = -3*w**2 + 8*w + 18. Let f(a) = 3*b(a) + 2*c(a). What is f(-9)?
-7
Suppose 2*x = -4*z + 8 + 18, 5 = -x + 4*z. Suppose -f - 2 = -x. Suppose -m + 4*v - 2 = -16, -f*m + 4*v = 10. Let r(l) = -2*l - 2. Give r(m).
10
Suppose 7 + 2 = w. Let z(q) = -10*q + 7. Let n(v) = 8*v - 7. Let h(u) = 4*n(u) + 3*z(u). Calculate h(w).
11
Suppose 76*h - 42*h - 238 = 0. Let n(q) = -2*q - 19. Let c(p) = -p - 6. Let x(z) = -8*c(z) + 3*n(z). What is x(h)?
5
Let i(v) be the first derivative of -v**4/4 - v**3/3 + v**2/2 - 2*v - 2. Let j = 13 + -10. Let u = 3 - j. Calculate i(u).
-2
Let s = -957 + 964. Let t(k) = k**3 - 9*k**2 + 8*k - 7. What is t(s)?
-49
Let d(v) = 9 - 4 + 7*v - 6*v - 4 + 7. Calculate d(-11).
-3
Suppose -5*i - 7 = y, -y + 5*i + 4 = 1. Let w(j) = -j**2 - 4*j - 3. Give w(y).
1
Let o(l) = -l. Let p(s) = 5*s + 46. Let w be p(-8). Calculate o(w).
-6
Let j(o) = -o**2 - 8*o + 9. Let l be (3/6)/(9/(-162)). Calculate j(l).
0
Let f = 1675 + -1674. Let y(j) = 3*j**2 - 1 - 2*j**2 - j**3 + 13*j**3. Give y(f).
12
Let n(f) be the first derivative of -3 + 1/4*f**4 + 1/120*f**5 + f**3 + 0*f + 0*f**2. Let t(z) be the third derivative of n(z). Calculate t(5).
11
Let q(h) = h**2 - 9*h - 4. Let l be -1*44/20*-5. Calculate q(l).
18
Suppose -2*w - 8 = 8. Let d(h) = -h**3 + h**2 - 4. Let u(i) = -i**3 + 11*i**2 + 8*i - 19. Let s(p) = -2*d(p) + u(p). Determine s(w).
-11
Suppose -2*k = 4*v + 3*k - 3, -2*v - 5*k = 1. Let u(l) = 0 + 8*l - 2 - l**v + 1. Suppose 16*n = -n + 136. Determine u(n).
-1
Let l(o) = -o**3 + o**2 - 16*o + 15. Let u be l(1). Let y(z) = -10*z - 1. Determine y(u).
9
Let u = 9 - 5. Let k(v) = -5*v + 19. Let s be k(u). Let x(r) = -3*r**3 + 2*r + 1. What is x(s)?
2
Let o = 5 - 9. Let x(s) be the first derivative of s**2 + s + 382. Give x(o).
-7
Let z be 6/2*30/45. Let t(q) = -q**z + 0*q**2 + 1 - 8*q + 14*q. Give t(7).
-6
Let v be (6/8)/(-1*3/(-12)). Let y(z) = -4*z - v*z + 0*z + 4*z. What is y(-2)?
6
Let i be 33/(-6) + 2/(-4). Let q be (0 - -6)*i/(-9). Suppose -q = 4*a - 4*j - 0, 4*j = a + 13. Let l(y) = 2*y**2 - 2*y - 2. Give l(a).
10
Let d(b) = 17*b + 10*b + 3 + 11*b - 37*b. Suppose -2*o = -o. Determine d(o).
3
Suppose 12*w - 9 = 15*w. Let y(a) = 3*a**2 + 4*a + 3. What is y(w)?
18
Let i = 4 - 1. Let a = -62 + 100. Let x(m) = -36*m - m**2 - 2 + a*m + 0*m**2. Determine x(i).
-5
Let j(u) be the second derivative of 0 - 1/6*u**3 - 1/2*u**2 - 2*u. Let p(f) = 3*f + 19. Let i be p(-7). Determine j(i).
1
Let s be (5/(-4))/((-275)/1320) - 8. Let n(i) = i. Let u(q) = q**2 + q + 1. Let f(m) = n(m) + 3*u(m). Determine f(s).
7
Let g(v) = -v**3 + 3*v**2 + 4*v - 6. Suppose -2*h + 8 = d, -3*h - 10 = -3*d + 50. Suppose 5*a - d = a. Give g(a).
-6
Let z(o) = o**2 - 12*o + 27. Let r be z(8). Let w(c) = -3*c - 1. Determine w(r).
14
Let z = 14 - -6. Let n(h) = 24 + 4*h**2 - 3*h**2 - z. Let p(q) = -q**3 + 4*q**2 + 14*q - 12. Let y be p(6). What is n(y)?
4
Let n(v) be the second derivative of 0 - 11/6*v**3 - 18*v - 1/2*v**2. What is n(1)?
-12
Let d be (-4)/((-4)/(-3 + -1)). Let c(z) = -z**2 - 2. Let s(f) = -7*f**2 - 4*f - 10. Let i(o) = 5*c(o) - s(o). What is i(d)?
16
Let o(p) be the second derivative of 3*p**4/4 - p**3/6 - 2*p. Let w be o(1). Let d(q) = 3*q + q**2 + 0 - 2*q - w*q + 3. What is d(3)?
-9
Let c be (5 - (-330)/(-70))/(1/28). Let f(q) = q**3 - 7*q**2 - 10*q + 12. Determine f(c).
-4
Let j(m) = -18 - 15*m - 3*m - m + 4 - 3*m**2 - 4*m. What is j(-7)?
0
Let o(g) = 14*g**2 - 15*g + 31. Let m(a) = -5*a**2 + 5*a - 11. Let q(c) = -11*m(c) - 4*o(c). What is q(3)?
3
Let i(a) = -a**2 - 2*a + 1. Let g be i(1). Let b be -4 + (g - -8) - (-2 + -2). Let n(o) = 5*o + 3. Give n(b).
33
Let g(j) = -j**2 - 32*j + 2. Let w be g(-32). Suppose 3*o = -w*a + 16, -5*o - 23 + 67 = -a. Let q(z) = -z**3 + 9*z**2 - 8*z - 5. What is q(o)?
-5
Let b(h) = -2*h**3 + 13*h**2 - 9*h + 2. Let p(m) = m**3 - m**2 - m - 1. Let y(z) = b(z) + 3*p(z). Give y(-11).
10
Let m(t) be the first derivative of -7 - 4/3*t**3 + 1/2*t**2 - t. Determine m(1).
-4
Let g(w) = -3*w**3 - w**2 - 5. Let v(f) = 4*f**3 + f**2 + 5. Let h = -8 - -4. Let j(o) = h*v(o) - 5*g(o). Suppose 0 = -0*m + 3*m - 0*m. What is j(m)?
5
Let z be (31 + -32)/((-2)/26). Let n(w) = -w**3 + 14*w**2 - 14*w + 17. Give n(z).
4
Suppose -18*r + 16*r - 3*i - 20 = 0, 3*r + 3*i + 27 = 0. Let g(l) be the first derivative of -l**2/2 - 4*l + 4. Determine g(r).
3
Suppose 0 = 2*a + 4 - 12. Suppose a*x - 10 = 30. Let f(v) = x - 8*v - v + 7*v + v. Give f(7).
3
Let a(i) = i**3 + 5*i**2 + 4*i + 1. Let b(o) = o**3 + 0*o**2 + o**2 + 0*o**2 - 1 - o - 3*o**2. Let g be b(2). What is a(g)?
7
Let l(p) = -3*p + 4. Let m be l(0). Suppose 4*r - 6 = -f, -6*f = -4*f - m*r + 24. Let t(h) = h**2 + 4*h - 7. Determine t(f).
5
Let h(z) = -26*z + 75 + 25*z - 42 - 39. Calculate h(9).
-15
Let o(c) = c**3 + 2*c**2 + c + 1. Let i(l) = -7*l**3 - 24*l**2 - 2*l - 11. Let y(w) = -i(w) - 6*o(w). What is y(-12)?
53
Suppose 5*o = 4*u + 4, o = 2*u - 0 - 4. Let r(t) be the second derivative of -1/20*t**5 + 1/3*t**3 + 8*t + 1/3*t**4 + 0 + 1/2*t**2. Give r(o).
9
Let y(a) = a - 1. Let z be (-8)/20 + (-22)/(-5). Let v be y(z). Let s(u) = 19*u + 4 - 19*u + u**v + 2*u**2. Determine s(-3).
-5
Suppose -3*l - 7 = -5*y, -y + 0 - 3 = -5*l. Let w(b) = -7*b**2 - 2*b + 1. Let o(s) = 8*s**2 + 2*s - 1. Let d(n) = 6*o(n) + 7*w(n). What is d(l)?
-2
Let h(q) = q**2 + 3. Let z(o) = -o**2 - 4. Let a(m) = m**3 - 11*m**2 - 11*m - 18. Let n be a(12). Let f(u) = n*h(u) - 5*z(u). Determine f(-4).
-14
Let p be 2/14 + 255/(-119) - -2. Let f(j) = -j**2 - j - 16. Give f(p).
-16
Let t(f) be the second derivative of -4*f + 0*f**4 + 1/6*f**3 + 1/2*f**2 + 0 - 1/20*f**5. What is t(-2)?
7
Let b(r) = r + 3. Let z(x) = -x - 4. Let f(d) = -5*b(d) - 4*z(d). Let q = -4781 - -4777. What is f(q)?
5
Let h(w) = -29*w - 1. Suppose 39 - 43 = -i,